at is 0 + -8006524?
-8006524
In base 7, what is 62311 + -350215?
-254604
In base 7, what is -1 + 2565643553?
2565643552
In base 11, what is 5986a7 - -18?
598714
In base 5, what is -12220111 + 1003?
-12214103
In base 6, what is 3 - -4103142551?
4103142554
In base 5, what is 100 - 30344202?
-30344102
In base 7, what is 433216146 + 2?
433216151
In base 12, what is -552 + 1482b?
14299
In base 9, what is -12128 + -81627?
-103756
In base 9, what is 178 + -126824?
-126635
In base 15, what is -32 + -bd5955?
-bd5987
In base 11, what is -3a02484 + -48?
-3a02521
In base 4, what is 32002023 + -2131010?
23211013
In base 16, what is b46 - -18e7?
242d
In base 13, what is -64cb - 87?
-6585
In base 9, what is 11 + 115444?
115455
In base 11, what is 8 - -38a354?
38a361
In base 14, what is 1d1 - -22cd2?
230c3
In base 15, what is -151d0 + 1a4?
-1502b
In base 2, what is -1111100000111100 - -1011101?
-1111011111011111
In base 14, what is 468 + -5a207?
-59b7d
In base 6, what is -110 + -2530103?
-2530213
In base 8, what is 311654 - -1226?
313102
In base 16, what is -5 - -10108d1c?
10108d17
In base 9, what is 248 - 352348?
-352100
In base 16, what is 767ac4 - -4?
767ac8
In base 6, what is -4003 + 55140504?
55132501
In base 8, what is 30252615 - 107?
30252506
In base 13, what is -24 - 2794c4?
-279518
In base 3, what is -210111100122210120 + -11?
-210111100122210201
In base 16, what is 28a + -30887?
-305fd
In base 8, what is -1027 - 2163734?
-2164763
In base 9, what is -18551637 + -142?
-18551780
In base 11, what is -65 - 193a5?
-1945a
In base 11, what is -223318 - 714?
-223a31
In base 13, what is -163516 - -4?
-163512
In base 4, what is 32333203303213 + -3?
32333203303210
In base 16, what is 7848 - -6a?
78b2
In base 10, what is -15 + 117826?
117811
In base 5, what is 10143220 - -1011?
10144231
In base 11, what is 6600 + -602?
5aa9
In base 9, what is 107210188 - 1?
107210187
In base 11, what is 418 - 6292?
-5975
In base 15, what is -13127 + -424?
-1354b
In base 12, what is 1 + 284654ba?
284654bb
In base 7, what is 52115240 + 4?
52115244
In base 6, what is 1140321 + 1035?
1141400
In base 15, what is -2b97 + -78cb?
-a573
In base 7, what is -230 + 1350245?
1350015
In base 3, what is 2011112010120210 + -22?
2011112010120111
In base 10, what is 151 - 783869?
-783718
In base 9, what is -6513 - -41258?
33645
In base 14, what is 1d02a - 24ab?
1a95d
In base 8, what is 234616 + -7026?
225570
In base 4, what is -130111 - -1112233?
322122
In base 13, what is 2 + 80289c6?
80289c8
In base 2, what is -101111110000 + -11111100010?
-1001111010010
In base 9, what is -42 - -403016?
402864
In base 14, what is 5 - -70c0d45?
70c0d4a
In base 16, what is -6afe - ec?
-6bea
In base 2, what is 11001101100001 + 1001111111010?
100011101011011
In base 2, what is -110011111100011 + -1010011?
-110100000110110
In base 5, what is -111230 + -3214?
-114444
In base 14, what is -2b8 - 5a417?
-5a6d1
In base 12, what is 4a3021 - -b?
4a3030
In base 4, what is -1312110022 + 1?
-1312110021
In base 16, what is 6 + 122e76?
122e7c
In base 16, what is -3a1133 + 5?
-3a112e
In base 5, what is -1301241222 + 2?
-1301241220
In base 7, what is -3 + 3662000302?
3662000266
In base 15, what is c + -6c178?
-6c16b
In base 11, what is -5565a24 - -3?
-5565a21
In base 8, what is 557606 + -112?
557474
In base 8, what is -13 - 270330704?
-270330717
In base 3, what is -112001012 - 12211?
-112021000
In base 14, what is -23280b - -2?
-232809
In base 3, what is 11 + -20200012021210?
-20200012021122
In base 5, what is 10421 - -144420442?
144431413
In base 4, what is 130113210 + -10322?
130102222
In base 15, what is 23be27 - -63?
23be8a
In base 4, what is 122001330210010 + 3?
122001330210013
In base 9, what is -3604340 + 74?
-3604255
In base 6, what is -1352103 - 1433?
-1353540
In base 4, what is 1 + -101003210321?
-101003210320
In base 3, what is -122202 + 202222210111?
202222010202
In base 4, what is -330302 + -23222?
-1020130
In base 11, what is 26 - 227122?
-2270a7
In base 2, what is 0 + 1011000011111101010110011011?
1011000011111101010110011011
In base 16, what is 1f2b2 + -25?
1f28d
In base 9, what is 0 - 78071722?
-78071722
In base 3, what is -1 + -10020100022010122?
-10020100022010200
In base 6, what is 14553340141 - 3?
14553340134
In base 7, what is 13 + 616635?
616651
In base 12, what is -1 - -8616b0?
8616ab
In base 14, what is -1 + -11343b4?
-11343b5
In base 12, what is 0 + 62929?
62929
In base 15, what is -1463e2 - -23?
-1463be
In base 16, what is 4bb - -13a1?
185c
In base 9, what is 264731 + 8?
264740
In base 5, what is -212200 + 4411?
-202234
In base 12, what is -231102 + 39?
-231085
In base 15, what is 158 + -6bde3?
-6bc8a
In base 8, what is 31641047 + -2?
31641045
In base 4, what is -1 - 211131101000?
-211131101001
In base 14, what is 4 + -55d7d2?
-55d7cc
In base 11, what is 11876a777 - 0?
11876a777
In base 8, what is 404675 + -34?
404641
In base 8, what is -151652 + -1044?
-152716
In base 16, what is -ae2 - 192?
-c74
In base 14, what is -1 + 6b05419?
6b05418
In base 2, what is -100 - -110110110001111000000010111?
110110110001111000000010011
In base 4, what is 3 + 3202002003323?
3202002003332
In base 11, what is -1191031 + 70?
-1190a71
In base 14, what is 3da2 + 94?
4056
In base 6, what is -31 + -50501315?
-50501350
In base 16, what is -83 + bbb77?
bbaf4
In base 9, what is 4382 + 3684?
8176
In base 2, what is 100111110101 - 111100111110011?
-110111111111110
In base 11, what is -9594a76 - 4?
-9594a7a
In base 8, what is 667122 + -31?
667071
In base 10, what is 21990 + -927?
21063
In base 2, what is -111001 + 110111011111101000000?
110111011111100000111
In base 7, what is -3 + 2560453?
2560450
In base 6, what is 10301342005 + 4?
10301342013
In base 8, what is 25067022 - -7?
25067031
In base 11, what is 21a - 1213a7?
-121188
In base 6, what is -11554154 - 2102?
-12000300
In base 13, what is 277 - c76b?
-c4c4
In base 6, what is -2143503232 - -4?
-2143503224
In base 13, what is -19c1338 + 6?
-19c1332
In base 14, what is 1434875 + -3?
1434872
In base 11, what is -124486 - -55?
-124431
In base 7, what is -1116 - 3042240?
-3043356
In base 8, what is 7 - -131326?
131335
In base 14, what is -1 - 549d85?
-549d86
In base 15, what is -428 + 23445?
2301c
In base 4, what is 30120330213 + -20?
30120330133
In base 16, what is -2 - 69cf2?
-69cf4
In base 2, what is 100011010111000101001 + -1001011?
100011010110111011110
In base 13, what is -b - -203b071?
203b063
In base 6, what is 121 + 2033525?
2034050
In base 7, what is 4 + 15365064?
15365101
In base 13, what is -5 - 1285842?
-1285847
In base 12, what is -1 - -12626831?
12626830
In base 2, what is -100 - 10110100000010111100111?
-10110100000010111101011
In base 15, what is cd0b1 - 0?
cd0b1
In base 4, what is 1102320022112131 + 2?
1102320022112133
In base 8, what is -360 - -5352344?
5351764
In base 5, what is 111040 - -434440?
1101030
In base 8, what is -117 - -51122?
51003
In base 10, what is 24959 + -153?
24806
In base 4, what is -3 + 10223230323132?
10223230323123
In base 13, what is 2 + 3a953a?
3a953c
In base 4, what is -11 + -13333112322?
-13333112333
In base 5, what is -213 - -12323111?
12322343
In base 3, what is 11010 + -101011022212?
-101011011202
In base 14, what is 39195c8 + -18?
39195b0
In base 5, what is 14320420 + -10?
14320410
In base 9, what is 6424 - -1517?
8042
In base 10, what is 30 + 62357?
62387
In base 8, what is 3344416 - 612?
3343604
In base 11, what is 35996032 - -1?
35996033
In base 8, what is 43401 + 205?
43606
In base 5, what is -214 - 24200303?
-24201022
In base 13, what is 2 - -27918a0?
27918a2
In base 11, what is 7 + 269a10?
269a17
In base 10, what is -1 - -5822125?
5822124
In base 15, what is -164 + 2a40?
28cb
In base 4, what is -11103003 + 3122?
-11033221
In base 2, what is 10101110010000110001010000101 - -11?
10101110010000110001010001000
In base 6, what is 1350054 - -125?
1350223
In base 14, what is 3d998 + -d0?
3d8a8
In base 4, what is -1013101 + 3001310?
1322203
In base 7, what is -10514 + -44362?
-55206
In base 11, what is -252a299 + -274?
-252a562
In base 8, what is -3221 + 116161?
112740
In base 15, what is -b55d20 - -1d?
-b55d02
In base 16, what is 10 + 150d29?
150d39
In base 14, what is -81 - 194dd0?
-195071
In base 9, what is 18318736 - -55?
18